tors of 738757?
738757
List the prime factors of 3041710.
2, 5, 7, 19, 2287
What are the prime factors of 1862251?
1862251
List the prime factors of 478912.
2, 7, 1069
List the prime factors of 1514425.
5, 11, 5507
What are the prime factors of 18066217?
13, 29, 173, 277
What are the prime factors of 485457?
3, 7, 23117
What are the prime factors of 1676889?
3, 173, 359
List the prime factors of 791513.
181, 4373
List the prime factors of 18258967.
18258967
List the prime factors of 3996515.
5, 799303
List the prime factors of 176251.
337, 523
What are the prime factors of 269277?
3, 89759
List the prime factors of 24505841.
29, 31, 27259
What are the prime factors of 17456378?
2, 37, 419, 563
What are the prime factors of 8315300?
2, 5, 7, 1697
What are the prime factors of 5104167?
3, 1701389
List the prime factors of 130059.
3, 4817
List the prime factors of 23651354.
2, 11825677
List the prime factors of 252392.
2, 7, 4507
What are the prime factors of 1855028?
2, 7, 97, 683
List the prime factors of 25243933.
11, 13, 176531
What are the prime factors of 1468831?
7, 13, 16141
What are the prime factors of 100946?
2, 17, 2969
What are the prime factors of 407855?
5, 7, 43, 271
What are the prime factors of 263807?
331, 797
What are the prime factors of 1486956?
2, 3, 17, 37, 197
What are the prime factors of 18759?
3, 13, 37
List the prime factors of 5453689.
37, 147397
List the prime factors of 436985.
5, 17, 53, 97
List the prime factors of 5874129.
3, 17, 38393
List the prime factors of 8703747.
3, 13, 137, 181
List the prime factors of 31634042.
2, 11, 17, 41, 2063
List the prime factors of 200407.
200407
What are the prime factors of 178895?
5, 37, 967
List the prime factors of 57259.
57259
List the prime factors of 16736061.
3, 463, 12049
List the prime factors of 167871.
3, 11, 5087
List the prime factors of 84877.
13, 6529
List the prime factors of 701218.
2, 7, 50087
List the prime factors of 27364742.
2, 13682371
List the prime factors of 62975.
5, 11, 229
What are the prime factors of 4679909?
13, 19, 18947
List the prime factors of 8185219.
7, 19, 61543
List the prime factors of 1087624.
2, 23, 257
What are the prime factors of 192434?
2, 11, 8747
What are the prime factors of 235298?
2, 7
What are the prime factors of 1444946?
2, 661, 1093
What are the prime factors of 65820?
2, 3, 5, 1097
List the prime factors of 22128082.
2, 2677, 4133
What are the prime factors of 3391071?
3, 67, 16871
What are the prime factors of 17234?
2, 7, 1231
What are the prime factors of 52398?
2, 3, 41, 71
What are the prime factors of 2725784?
2, 340723
List the prime factors of 227487.
3, 13, 19, 307
What are the prime factors of 148879?
23, 6473
What are the prime factors of 4904196?
2, 3, 11, 53, 701
List the prime factors of 399457.
173, 2309
What are the prime factors of 166572?
2, 3, 7, 661
List the prime factors of 1618319.
1618319
List the prime factors of 2411531.
67, 35993
What are the prime factors of 180654?
2, 3, 30109
List the prime factors of 12313615.
5, 19, 227, 571
List the prime factors of 23339.
23339
List the prime factors of 2272815.
3, 5, 17, 2971
List the prime factors of 2373284.
2, 593321
What are the prime factors of 4795270?
2, 5, 23, 20849
List the prime factors of 18232285.
5, 887, 4111
List the prime factors of 133098.
2, 3, 7, 3169
List the prime factors of 5284533.
3, 193, 9127
List the prime factors of 758952.
2, 3, 83, 127
What are the prime factors of 1424540?
2, 5, 13, 5479
List the prime factors of 688007.
17, 40471
List the prime factors of 45290.
2, 5, 7, 647
List the prime factors of 2800647.
3, 311183
List the prime factors of 4433337.
3, 281, 1753
What are the prime factors of 7753969?
107, 72467
List the prime factors of 324882.
2, 3, 18049
What are the prime factors of 2544728?
2, 31, 331
List the prime factors of 87822.
2, 3, 7, 17, 41
What are the prime factors of 736417?
11, 66947
List the prime factors of 27627108.
2, 3, 17, 135427
What are the prime factors of 2693128?
2, 227, 1483
What are the prime factors of 7594941?
3, 71, 181, 197
What are the prime factors of 1952135?
5, 29, 13463
What are the prime factors of 282179?
181, 1559
List the prime factors of 251151.
3, 83717
List the prime factors of 4531472.
2, 11, 25747
List the prime factors of 3879104.
2, 60611
What are the prime factors of 2024702?
2, 83, 12197
List the prime factors of 1165665.
3, 5, 77711
List the prime factors of 4296273.
3, 1432091
What are the prime factors of 1473100?
2, 5, 14731
What are the prime factors of 23217?
3, 71, 109
What are the prime factors of 289211?
13, 22247
List the prime factors of 13220785.
5, 2644157
List the prime factors of 4350649.
47, 92567
What are the prime factors of 629415?
3, 5, 71, 197
What are the prime factors of 305464?
2, 38183
What are the prime factors of 4921046?
2, 13, 189271
List the prime factors of 60134.
2, 107, 281
What are the prime factors of 389057?
389057
What are the prime factors of 2516917?
13, 53, 281
List the prime factors of 140930.
2, 5, 17, 829
List the prime factors of 230524.
2, 7, 8233
What are the prime factors of 1028964?
2, 3, 19, 4513
List the prime factors of 955979.
79, 12101
List the prime factors of 845007.
3, 281669
List the prime factors of 279602.
2, 139801
What are the prime factors of 2107007?
7, 23, 569
List the prime factors of 16345.
5, 7, 467
List the prime factors of 1335673.
17, 78569
List the prime factors of 364327.
17, 29, 739
What are the prime factors of 5221237?
7, 31, 24061
What are the prime factors of 13133452?
2, 17, 193139
What are the prime factors of 97213?
97213
What are the prime factors of 4623602?
2, 97, 23833
List the prime factors of 5223844.
2, 1305961
List the prime factors of 4138440.
2, 3, 5, 34487
List the prime factors of 375269.
19, 19751
What are the prime factors of 246596?
2, 7, 8807
What are the prime factors of 208583?
167, 1249
What are the prime factors of 1488618?
2, 3, 1021
List the prime factors of 1458941.
11, 132631
What are the prime factors of 1103063?
13, 61, 107
What are the prime factors of 466579?
466579
What are the prime factors of 89436?
2, 3, 29, 257
List the prime factors of 23780.
2, 5, 29, 41
List the prime factors of 24078907.
23, 53, 19753
What are the prime factors of 435714?
2, 3, 101, 719
What are the prime factors of 2528349?
3, 19, 44357
List the prime factors of 455475.
3, 5, 6073
What are the prime factors of 657535?
5, 131507
What are the prime factors of 251518?
2, 67, 1877
What are the prime factors of 645381?
3, 11, 41, 53
What are the prime factors of 1941753?
3, 11, 29, 2029
What are the prime factors of 594525?
3, 5, 7927
List the prime factors of 6131899.
37, 103, 1609
List the prime factors of 682524.
2, 3, 18959
List the prime factors of 651924.
2, 3, 7, 13, 199
What are the prime factors of 162016?
2, 61, 83
List the prime factors of 410604.
2, 3, 34217
What are the prime factors of 379490?
2, 5, 137, 277
List the prime factors of 23938534.
2, 1619, 7393
What are the prime factors of 744896?
2, 103, 113
List the prime factors of 34904.
2, 4363
What are the prime factors of 1147288?
2, 61, 2351
What are the prime factors of 436350?
2, 3, 5, 2909
What are the prime factors of 422303?
7, 23, 43, 61
What are the prime factors of 2006875?
5, 13, 19
What are the prime factors of 68326?
2, 127, 269
What are the prime factors of 259100?
2, 5, 2591
What are the prime factors of 675257?
11, 17, 23, 157
List the prime factors of 7583684.
2, 79, 103, 233
What are the prime factors of 4190105?
5, 838021
List the prime factors of 20648620.
2, 5, 499, 2069
What are the prime factors of 105328?
2, 29, 227
List the prime factors of 445635.
3, 5, 3301
List the prime factors of 606109.
7, 86587
List the prime factors of 92964.
2, 3, 61, 127
What are the prime factors of 2011973?
2011973
What are the prime factors of 1569493?
79, 19867
List the prime factors of 1379535.
3, 5, 91969
List the prime factors of 4696888.
2, 7, 83873
List the prime factors of 33201452.
2, 647, 12829
What are the prime factors of 1050627?
3, 67, 5227
What are the prime factors of 14207?
14207
What are the prime factors of 275058?
2, 3, 7, 37, 59
What are the prime factors of 786488?
2, 17, 5783
What are the prime